{"id":183,"date":"2023-03-25T14:31:17","date_gmt":"2023-03-25T14:31:17","guid":{"rendered":"https:\/\/gwh-jenny.at\/?page_id=183"},"modified":"2023-07-14T09:04:08","modified_gmt":"2023-07-14T09:04:08","slug":"trinkwasseraufbereitung","status":"publish","type":"page","link":"https:\/\/gwh-jenny.at\/index.php\/trinkwasseraufbereitung\/","title":{"rendered":"Trinkwasseraufbereitung"},"content":{"rendered":"\n<p class=\"has-text-align-center has-foreground-color has-text-color has-content-heading-font-size\"><\/p>\n\n\n\n<div class=\"wp-block-media-text alignfull has-media-on-the-right is-stacked-on-mobile is-vertically-aligned-center is-style-default\" style=\"margin-top:var(--wp--preset--spacing--50);margin-right:var(--wp--preset--spacing--50);margin-bottom:var(--wp--preset--spacing--50);margin-left:var(--wp--preset--spacing--50);padding-top:var(--wp--preset--spacing--20);padding-right:var(--wp--preset--spacing--20);padding-bottom:var(--wp--preset--spacing--20);padding-left:var(--wp--preset--spacing--20);grid-template-columns:auto 23%\"><div class=\"wp-block-media-text__content\">\n<h2 class=\"wp-block-heading has-text-color\" style=\"color:#000000;font-size:22px\">Trinkwasseraufbereitung<\/h2>\n\n\n\n<p><\/p>\n\n\n\n<p class=\"has-text-color\" style=\"color:#000000;font-size:17px\">Wasser ben\u00f6tigen wir in fast allen Situationen unseres Alltags. Angefangen fr\u00fch morgens bei der t\u00e4glichen Dusche dem Kaffee oder Tee zum Fr\u00fchst\u00fcck. Bei der Zubereitung der Speisen, der Reinigung des Geschirrs, der Kleidung oder des Haushaltes. Zu hartes Wasser sprich ein zu hoher Kalkanteil im Wasser f\u00fchrt sp\u00e4ter zu erheblichen Problemen in Leitung, Ger\u00e4ten und Anlagen.<\/p>\n\n\n\n<p>Sagen Sie Kalkflecken, Ablagerungen in Heizung, Sanit\u00e4ranlagen, K\u00fcchenger\u00e4ten, Armaturen,\u2026 den Kampf an. Wir beraten Sie gerne in einem umfassenden Gespr\u00e4ch \u00fcber eine exakt auf Ihre Bed\u00fcrfnisse zugeschnittene L\u00f6sung f\u00fcr Ihr Eigenheim, Ihre Wohnanlage oder Ihr Unternehmen.<\/p>\n\n\n\n<p><\/p>\n<\/div><figure class=\"wp-block-media-text__media\"><img loading=\"lazy\" decoding=\"async\" width=\"512\" height=\"512\" src=\"https:\/\/gwh-jenny.at\/wp-content\/uploads\/2023\/07\/wasserqualitat.png\" alt=\"\" class=\"wp-image-700 size-full\" srcset=\"https:\/\/gwh-jenny.at\/wp-content\/uploads\/2023\/07\/wasserqualitat.png 512w, https:\/\/gwh-jenny.at\/wp-content\/uploads\/2023\/07\/wasserqualitat-300x300.png 300w, https:\/\/gwh-jenny.at\/wp-content\/uploads\/2023\/07\/wasserqualitat-150x150.png 150w\" sizes=\"(max-width: 512px) 100vw, 512px\" \/><\/figure><\/div>\n\n\n\n<figure class=\"wp-block-pullquote\" style=\"font-size:12px\"><blockquote><p>          Bild:  Leitung &#8211; Kalkablagerung nach 10 Jahren <\/p><cite>WOHNBLOCK WEILER<\/cite><\/blockquote><\/figure>\n\n\n\n<figure class=\"wp-block-image aligncenter size-large is-resized\"><img loading=\"lazy\" decoding=\"async\" src=\"https:\/\/gwh-jenny.at\/wp-content\/uploads\/2023\/04\/IMG-20221026-WA00041-7-1024x904.jpg\" alt=\"\" class=\"wp-image-282\" width=\"332\" height=\"292\" srcset=\"https:\/\/gwh-jenny.at\/wp-content\/uploads\/2023\/04\/IMG-20221026-WA00041-7-1024x904.jpg 1024w, https:\/\/gwh-jenny.at\/wp-content\/uploads\/2023\/04\/IMG-20221026-WA00041-7-300x265.jpg 300w, https:\/\/gwh-jenny.at\/wp-content\/uploads\/2023\/04\/IMG-20221026-WA00041-7-768x678.jpg 768w, https:\/\/gwh-jenny.at\/wp-content\/uploads\/2023\/04\/IMG-20221026-WA00041-7.jpg 1200w\" sizes=\"(max-width: 332px) 100vw, 332px\" \/><\/figure>\n\n\n\n<div class=\"wp-block-group alignfull has-background-background-color has-background is-layout-flow wp-block-group-is-layout-flow\">\n<p><\/p>\n<\/div>\n","protected":false},"excerpt":{"rendered":"<p>Trinkwasseraufbereitung Wasser ben\u00f6tigen wir in fast allen Situationen unseres Alltags. Angefangen fr\u00fch morgens bei der t\u00e4glichen Dusche dem Kaffee oder Tee zum Fr\u00fchst\u00fcck. Bei der Zubereitung der Speisen, der Reinigung [&hellip;]<\/p>\n","protected":false},"author":1,"featured_media":0,"parent":0,"menu_order":0,"comment_status":"closed","ping_status":"closed","template":"page-no-title","meta":{"footnotes":""},"class_list":["post-183","page","type-page","status-publish","hentry"],"yoast_head":"<!-- This site is optimized with the Yoast SEO plugin v25.6 - https:\/\/yoast.com\/wordpress\/plugins\/seo\/ -->\n<title>Trinkwasseraufbereitung - GWH Jenny<\/title>\n<meta name=\"robots\" content=\"index, follow, max-snippet:-1, max-image-preview:large, max-video-preview:-1\" \/>\n<link rel=\"canonical\" href=\"https:\/\/gwh-jenny.at\/index.php\/trinkwasseraufbereitung\/\" \/>\n<meta property=\"og:locale\" content=\"de_DE\" \/>\n<meta property=\"og:type\" content=\"article\" \/>\n<meta property=\"og:title\" content=\"Trinkwasseraufbereitung - GWH Jenny\" \/>\n<meta property=\"og:description\" content=\"Trinkwasseraufbereitung Wasser ben\u00f6tigen wir in fast allen Situationen unseres Alltags. Angefangen fr\u00fch morgens bei der t\u00e4glichen Dusche dem Kaffee oder Tee zum Fr\u00fchst\u00fcck. Bei der Zubereitung der Speisen, der Reinigung [&hellip;]\" \/>\n<meta property=\"og:url\" content=\"https:\/\/gwh-jenny.at\/index.php\/trinkwasseraufbereitung\/\" \/>\n<meta property=\"og:site_name\" content=\"GWH Jenny\" \/>\n<meta property=\"article:modified_time\" content=\"2023-07-14T09:04:08+00:00\" \/>\n<meta property=\"og:image\" content=\"https:\/\/gwh-jenny.at\/wp-content\/uploads\/2023\/07\/wasserqualitat.png\" \/>\n<meta name=\"twitter:card\" content=\"summary_large_image\" \/>\n<meta name=\"twitter:label1\" content=\"Gesch\u00e4tzte Lesezeit\" \/>\n\t<meta name=\"twitter:data1\" content=\"1\u00a0Minute\" \/>\n<script type=\"application\/ld+json\" class=\"yoast-schema-graph\">{\"@context\":\"https:\/\/schema.org\",\"@graph\":[{\"@type\":\"WebPage\",\"@id\":\"https:\/\/gwh-jenny.at\/index.php\/trinkwasseraufbereitung\/\",\"url\":\"https:\/\/gwh-jenny.at\/index.php\/trinkwasseraufbereitung\/\",\"name\":\"Trinkwasseraufbereitung - GWH Jenny\",\"isPartOf\":{\"@id\":\"https:\/\/gwh-jenny.at\/#website\"},\"primaryImageOfPage\":{\"@id\":\"https:\/\/gwh-jenny.at\/index.php\/trinkwasseraufbereitung\/#primaryimage\"},\"image\":{\"@id\":\"https:\/\/gwh-jenny.at\/index.php\/trinkwasseraufbereitung\/#primaryimage\"},\"thumbnailUrl\":\"https:\/\/gwh-jenny.at\/wp-content\/uploads\/2023\/07\/wasserqualitat.png\",\"datePublished\":\"2023-03-25T14:31:17+00:00\",\"dateModified\":\"2023-07-14T09:04:08+00:00\",\"breadcrumb\":{\"@id\":\"https:\/\/gwh-jenny.at\/index.php\/trinkwasseraufbereitung\/#breadcrumb\"},\"inLanguage\":\"de\",\"potentialAction\":[{\"@type\":\"ReadAction\",\"target\":[\"https:\/\/gwh-jenny.at\/index.php\/trinkwasseraufbereitung\/\"]}]},{\"@type\":\"ImageObject\",\"inLanguage\":\"de\",\"@id\":\"https:\/\/gwh-jenny.at\/index.php\/trinkwasseraufbereitung\/#primaryimage\",\"url\":\"https:\/\/gwh-jenny.at\/wp-content\/uploads\/2023\/07\/wasserqualitat.png\",\"contentUrl\":\"https:\/\/gwh-jenny.at\/wp-content\/uploads\/2023\/07\/wasserqualitat.png\",\"width\":512,\"height\":512},{\"@type\":\"BreadcrumbList\",\"@id\":\"https:\/\/gwh-jenny.at\/index.php\/trinkwasseraufbereitung\/#breadcrumb\",\"itemListElement\":[{\"@type\":\"ListItem\",\"position\":1,\"name\":\"Startseite\",\"item\":\"https:\/\/gwh-jenny.at\/\"},{\"@type\":\"ListItem\",\"position\":2,\"name\":\"Trinkwasseraufbereitung\"}]},{\"@type\":\"WebSite\",\"@id\":\"https:\/\/gwh-jenny.at\/#website\",\"url\":\"https:\/\/gwh-jenny.at\/\",\"name\":\"GWH Jenny\",\"description\":\"\",\"publisher\":{\"@id\":\"https:\/\/gwh-jenny.at\/#organization\"},\"potentialAction\":[{\"@type\":\"SearchAction\",\"target\":{\"@type\":\"EntryPoint\",\"urlTemplate\":\"https:\/\/gwh-jenny.at\/?s={search_term_string}\"},\"query-input\":{\"@type\":\"PropertyValueSpecification\",\"valueRequired\":true,\"valueName\":\"search_term_string\"}}],\"inLanguage\":\"de\"},{\"@type\":\"Organization\",\"@id\":\"https:\/\/gwh-jenny.at\/#organization\",\"name\":\"GWH Jenny\",\"url\":\"https:\/\/gwh-jenny.at\/\",\"logo\":{\"@type\":\"ImageObject\",\"inLanguage\":\"de\",\"@id\":\"https:\/\/gwh-jenny.at\/#\/schema\/logo\/image\/\",\"url\":\"https:\/\/gwh-jenny.at\/wp-content\/uploads\/2023\/05\/Logo_Jenny_final_web-1.png\",\"contentUrl\":\"https:\/\/gwh-jenny.at\/wp-content\/uploads\/2023\/05\/Logo_Jenny_final_web-1.png\",\"width\":426,\"height\":138,\"caption\":\"GWH Jenny\"},\"image\":{\"@id\":\"https:\/\/gwh-jenny.at\/#\/schema\/logo\/image\/\"}}]}<\/script>\n<!-- \/ Yoast SEO plugin. -->","yoast_head_json":{"title":"Trinkwasseraufbereitung - GWH Jenny","robots":{"index":"index","follow":"follow","max-snippet":"max-snippet:-1","max-image-preview":"max-image-preview:large","max-video-preview":"max-video-preview:-1"},"canonical":"https:\/\/gwh-jenny.at\/index.php\/trinkwasseraufbereitung\/","og_locale":"de_DE","og_type":"article","og_title":"Trinkwasseraufbereitung - GWH Jenny","og_description":"Trinkwasseraufbereitung Wasser ben\u00f6tigen wir in fast allen Situationen unseres Alltags. Angefangen fr\u00fch morgens bei der t\u00e4glichen Dusche dem Kaffee oder Tee zum Fr\u00fchst\u00fcck. Bei der Zubereitung der Speisen, der Reinigung [&hellip;]","og_url":"https:\/\/gwh-jenny.at\/index.php\/trinkwasseraufbereitung\/","og_site_name":"GWH Jenny","article_modified_time":"2023-07-14T09:04:08+00:00","og_image":[{"url":"https:\/\/gwh-jenny.at\/wp-content\/uploads\/2023\/07\/wasserqualitat.png","type":"","width":"","height":""}],"twitter_card":"summary_large_image","twitter_misc":{"Gesch\u00e4tzte Lesezeit":"1\u00a0Minute"},"schema":{"@context":"https:\/\/schema.org","@graph":[{"@type":"WebPage","@id":"https:\/\/gwh-jenny.at\/index.php\/trinkwasseraufbereitung\/","url":"https:\/\/gwh-jenny.at\/index.php\/trinkwasseraufbereitung\/","name":"Trinkwasseraufbereitung - GWH Jenny","isPartOf":{"@id":"https:\/\/gwh-jenny.at\/#website"},"primaryImageOfPage":{"@id":"https:\/\/gwh-jenny.at\/index.php\/trinkwasseraufbereitung\/#primaryimage"},"image":{"@id":"https:\/\/gwh-jenny.at\/index.php\/trinkwasseraufbereitung\/#primaryimage"},"thumbnailUrl":"https:\/\/gwh-jenny.at\/wp-content\/uploads\/2023\/07\/wasserqualitat.png","datePublished":"2023-03-25T14:31:17+00:00","dateModified":"2023-07-14T09:04:08+00:00","breadcrumb":{"@id":"https:\/\/gwh-jenny.at\/index.php\/trinkwasseraufbereitung\/#breadcrumb"},"inLanguage":"de","potentialAction":[{"@type":"ReadAction","target":["https:\/\/gwh-jenny.at\/index.php\/trinkwasseraufbereitung\/"]}]},{"@type":"ImageObject","inLanguage":"de","@id":"https:\/\/gwh-jenny.at\/index.php\/trinkwasseraufbereitung\/#primaryimage","url":"https:\/\/gwh-jenny.at\/wp-content\/uploads\/2023\/07\/wasserqualitat.png","contentUrl":"https:\/\/gwh-jenny.at\/wp-content\/uploads\/2023\/07\/wasserqualitat.png","width":512,"height":512},{"@type":"BreadcrumbList","@id":"https:\/\/gwh-jenny.at\/index.php\/trinkwasseraufbereitung\/#breadcrumb","itemListElement":[{"@type":"ListItem","position":1,"name":"Startseite","item":"https:\/\/gwh-jenny.at\/"},{"@type":"ListItem","position":2,"name":"Trinkwasseraufbereitung"}]},{"@type":"WebSite","@id":"https:\/\/gwh-jenny.at\/#website","url":"https:\/\/gwh-jenny.at\/","name":"GWH Jenny","description":"","publisher":{"@id":"https:\/\/gwh-jenny.at\/#organization"},"potentialAction":[{"@type":"SearchAction","target":{"@type":"EntryPoint","urlTemplate":"https:\/\/gwh-jenny.at\/?s={search_term_string}"},"query-input":{"@type":"PropertyValueSpecification","valueRequired":true,"valueName":"search_term_string"}}],"inLanguage":"de"},{"@type":"Organization","@id":"https:\/\/gwh-jenny.at\/#organization","name":"GWH Jenny","url":"https:\/\/gwh-jenny.at\/","logo":{"@type":"ImageObject","inLanguage":"de","@id":"https:\/\/gwh-jenny.at\/#\/schema\/logo\/image\/","url":"https:\/\/gwh-jenny.at\/wp-content\/uploads\/2023\/05\/Logo_Jenny_final_web-1.png","contentUrl":"https:\/\/gwh-jenny.at\/wp-content\/uploads\/2023\/05\/Logo_Jenny_final_web-1.png","width":426,"height":138,"caption":"GWH Jenny"},"image":{"@id":"https:\/\/gwh-jenny.at\/#\/schema\/logo\/image\/"}}]}},"_links":{"self":[{"href":"https:\/\/gwh-jenny.at\/index.php\/wp-json\/wp\/v2\/pages\/183"}],"collection":[{"href":"https:\/\/gwh-jenny.at\/index.php\/wp-json\/wp\/v2\/pages"}],"about":[{"href":"https:\/\/gwh-jenny.at\/index.php\/wp-json\/wp\/v2\/types\/page"}],"author":[{"embeddable":true,"href":"https:\/\/gwh-jenny.at\/index.php\/wp-json\/wp\/v2\/users\/1"}],"replies":[{"embeddable":true,"href":"https:\/\/gwh-jenny.at\/index.php\/wp-json\/wp\/v2\/comments?post=183"}],"version-history":[{"count":20,"href":"https:\/\/gwh-jenny.at\/index.php\/wp-json\/wp\/v2\/pages\/183\/revisions"}],"predecessor-version":[{"id":746,"href":"https:\/\/gwh-jenny.at\/index.php\/wp-json\/wp\/v2\/pages\/183\/revisions\/746"}],"wp:attachment":[{"href":"https:\/\/gwh-jenny.at\/index.php\/wp-json\/wp\/v2\/media?parent=183"}],"curies":[{"name":"wp","href":"https:\/\/api.w.org\/{rel}","templated":true}]}}